c). Calculate n(9).
-3
Let s(k) = 6*k**3 + 4*k**2 + 2*k - 7. Suppose 9*v - 39 = 6*v - 8*a, 4*v - 2*a + 24 = 0. Give s(v).
-139
Let r(n) = -8*n + 1. Let f(v) = -63*v - 7. Let h(z) = -f(z) + 8*r(z). Let s = 6 - -2. Calculate h(s).
7
Let j(w) be the second derivative of w**5/20 + 3*w**4/2 - 7*w**3/2 - 14*w**2 + 102*w - 2. Calculate j(-19).
10
Let o(p) = 28*p + 33. Let k(y) = 33*y + 35. Let d(f) = 4*k(f) - 5*o(f). Calculate d(-2).
-9
Suppose 0 = 5*z - 5*l + 10, 4*z = -6*l + 11*l - 6. Let i(w) = w**2 + 4*w + 6. Calculate i(z).
6
Suppose 2*v - 3*y - 21 = -0*v, -4*v = 2*y - 2. Suppose -5*g = -v*j + 11, -4*j + 2 = -4*g - 5*j. Let k(w) = 22*w**2. Calculate k(g).
22
Let n(c) = c + 4. Suppose 0 = 20*s - 18*s + 80. Let i be 268/(-34) + s/340. What is n(i)?
-4
Let t be 147/(-196) + 62/8. Let q(w) = -2*w**2 - 9*w + 11. Let o(p) = -5*p**2 - 21*p + 22. Let m(s) = t*q(s) - 3*o(s). Calculate m(0).
11
Let v(j) = j + 1. Let k(r) = r**2 - 2*r - 5. Let s = -671 - -665. Let w(z) = s*v(z) - k(z). Let a be ((-4)/(-2))/(6/(-15)). What is w(a)?
-6
Suppose 0 = -32*u + 28*u - 32. Let l be -5*(-2)/10 + u/2. Let h(x) = -2*x + 1. What is h(l)?
7
Let p(l) = 603*l + 617*l + l**2 - 1211*l + 5. Calculate p(-7).
-9
Let l(d) = -21*d - 165. Let i be l(-8). Let r(g) = -9*g**3 - 3 + 6 - 10*g - 3*g**i + 11*g - 5. Calculate r(1).
-13
Let s be (2/(-5))/(9/(-45)). Let r be (0/(-1))/(3 - s). Let n(y) be the second derivative of y**5/20 + y**2 + 24*y. Calculate n(r).
2
Let w(q) be the first derivative of 2*q**3/3 + 3*q**2 - 13*q - 41. Determine w(2).
7
Let h(u) be the second derivative of -u**5/20 + u**4/2 + 29*u**3/6 - 27*u**2/2 - 6*u + 5. What is h(9)?
-9
Let r(p) = -7*p + 13. Let q = 33727 - 33725. Calculate r(q).
-1
Let i(t) = t**3 + 5. Let c(b) = 3*b - 12. Let p(s) = -1. Let v(h) = -c(h) + 6*p(h). Let y = 941 - 939. Let k be v(y). Give i(k).
5
Let a(s) be the first derivative of -4*s - 7/2*s**2 - 1/3*s**3 + 73. Give a(-7).
-4
Let x(y) = -7*y + 13. Let z(o) = -o**2 + 24*o + 151. Let p be z(-5). What is x(p)?
-29
Let z(n) = -3*n**2 - n - 1. Suppose -2*w + 7*w + 4*q - 11 = 0, -2*q = -w - 9. Let m(b) = -b. Let j(c) = w*z(c) - m(c). Calculate j(-1).
2
Suppose -24 = y + 3*y. Let d(h) = -4*h**2 + 116*h + 126. Let k be d(30). Let q(z) = -1 - 11*z - k*z + 23*z + 5 - 5*z. Determine q(y).
-2
Let l(w) be the third derivative of w**8/10080 + w**7/1680 - w**6/720 + 107*w**5/60 - 14*w**2 + 3*w. Let k(h) be the third derivative of l(h). Calculate k(-3).
8
Let p(v) = -v**3 + v**2 + 75*v + 19. Let i be 1 - (15 + 1) - (59 + -101 - -35). Determine p(i).
-5
Suppose -31 = 8*h - 7. Let q be h*(6 + -7 + 0). Let v(c) = c**2 + 2*c - 9. Calculate v(q).
6
Let b = -762 - -745. Let h(m) = -6*m - 102. Determine h(b).
0
Let p(k) = 14*k**3 + 2*k**2 + 2*k + 1. Suppose -i - 3*h + 2 = 0, -63*i - 3 = -59*i + h. Calculate p(i).
-13
Let r(n) be the second derivative of 1/2*n**2 + 0*n**3 - 1/4*n**4 + 0 - 54*n. Let q(z) = -z - 3. Let v be q(-5). What is r(v)?
-11
Let b(z) = -9*z + 3*z**2 + 2 - 4*z**2 + 2. Let t(k) = 772*k - 10043. Let l be t(13). Determine b(l).
18
Let h = -605 + 186. Let j = h + 420. Let l(s) be the first derivative of 2*s**2 - s + 1. Give l(j).
3
Let a(o) = -2*o**2 - 9*o - 13. Suppose 2*f + 2 = -q - 7, -28 = 4*f + 4*q. Give a(f).
-3
Let p(r) = 684*r**2 + 39 + 65*r - 683*r**2 - 55*r. Determine p(-4).
15
Suppose -4*p - 2*b - 86 = -438, p - b - 88 = 0. Suppose -99*x + 107*x + p = 0. Let a(t) = -t - 18. Calculate a(x).
-7
Let i(n) = 6*n**2 - 41*n - 14. Let b be i(7). Let m = b - -10. Let j(g) = -5*g**2 - 5*g + 1 + 6*g + g**3 + 2*g**2. Determine j(m).
4
Let o(x) = -187*x + 1309. Let w be o(7). Let t(a) = 2*a**3 - a**2 - 2*a - 2. Determine t(w).
-2
Let d = 2 - 0. Let y = d + -1. Let x(m) be the third derivative of m**6/40 - m**5/30 + m**3/6 - 167*m**2 - 3. Give x(y).
2
Let r = 5 - 3. Let h(w) = -4*w + 2*w**2 - 1 - 1 - w**r + 0*w**2. Suppose 167*g - 700 = 27*g. What is h(g)?
3
Let i(a) = -a**3 + 5*a**2 - a - 5. Let p = -300 + 368. Suppose p = 26*u - 62. What is i(u)?
-10
Suppose 4462 = -21*b + 4210. Let o(t) = 8*t + 84. Calculate o(b).
-12
Let y(o) = -o**3 - 2*o**2 + o + 5. Let p(q) be the second derivative of -q**3/6 - q**2/2 - 7*q. Let g be p(-1). Let t be y(g). Let s(m) = -m. What is s(t)?
-5
Let o = 966 - 945. Let g(c) = c**3 - 20*c**2 - 19*c - 46. What is g(o)?
-4
Let d(p) = p**3 + 18*p**2 - 23*p - 41. Let w be 9717/(-492) + 6/8. Give d(w).
35
Let z(v) = -2084936*v + 0 + 2084925*v + 0 - v**2 + 0. Give z(-10).
10
Let g(r) = 8*r**3 - 13*r**2 - 10*r - 15. Let d(b) = 11*b**3 - 20*b**2 - 15*b - 22. Let a(x) = 5*d(x) - 7*g(x). What is a(-8)?
-29
Let l(x) be the first derivative of -10*x**3/3 - 3*x**2/2 + x - 1680. What is l(2)?
-45
Let n(q) be the third derivative of 1/6*q**3 + 0*q**4 - 1/4*q**5 + 0*q + 6 + 16*q**2. Calculate n(-1).
-14
Let h be -3 + 2/(2/(-3)) + 2. Let p be 52/(-80)*h + (-2)/(-5). Suppose 5*d + 23 = p*t, -5*d - 15 = 5*t - 0. Let v(z) = 4*z**2 - z. Determine v(t).
3
Let d(s) = 47*s**2 + 252*s. Let f(h) = 39*h**2 + 208*h - 1. Let r(b) = 5*d(b) - 6*f(b). Let u(a) = -a**2 - 2. Let m be u(2). Determine r(m).
-30
Let b(i) = 6 + 9 - i**2 + 6*i - 80 + 72. Let z = 8 - 3. Let r(m) = -m**2 + 6*m. Let h be r(z). Determine b(h).
12
Let t(l) = 4*l + 4*l**3 - 3*l**3 + 0*l**3 + 6*l**2. Let h(r) = 524*r - 2101. Let o be h(4). Give t(o).
5
Let i(q) = -q**2 + 8*q - 12. Let s = -694 - -738. Suppose 56*n = s*n + 96. Calculate i(n).
-12
Let q(m) = -4*m + 6. Suppose -2*u = 5*v - 185, -5*v + 12 = -v. Let d = u - 80. Give q(d).
-14
Let p = 601 + -599. Suppose -5 = p*r - 4*m + 9, -2*r = 5*m - 22. Let b(u) = -16*u**3 + u**2 - 1. Calculate b(r).
-16
Let z be 23 - -45*(-12)/24. Let y(c) be the second derivative of -z*c**2 + 17*c + 0 + 5/6*c**3. Calculate y(1).
4
Let n(z) be the first derivative of z**4/4 - 5*z**3/3 + 2*z**2 - 7*z + 817. Give n(5).
13
Let r(q) = q**3 - 11*q**2 - q + 15. Suppose -8 = 4*i, f + 4*f + 3*i - 9 = 0. Suppose -3*c + 27 = 2*s, f*c + 37*s = 32*s + 18. What is r(c)?
4
Let l(z) be the third derivative of z**5/60 + z**4 + 49*z**3/6 + 587*z**2 + z. Determine l(-26).
101
Let u(x) = -x**3 + 4*x - 15. Let l be ((-8790)/330 - -24) + (-4)/11. What is u(l)?
0
Suppose -7*z - 22 = z + 10. Let s(g) = 3*g - 5. Determine s(z).
-17
Let g(w) be the first derivative of w**4/4 - 10*w**3/3 - 13*w**2 + 26*w - 3069. Give g(12).
2
Let v = 72 - 10. Suppose -s + 23 = -v. Let u(r) = 4*r - 78 - s + 166. What is u(-2)?
-5
Let o be 126/45 + 2/10. Let y(v) = 0*v - 5*v - 10*v**2 + 8*v**2 + o*v**2. Give y(5).
0
Let x(n) be the first derivative of 1/4*n**4 - 10 - 3/2*n**2 + 0*n**3 + 0*n. Give x(-2).
-2
Let q(r) = -r**3 - 5*r**2 - 2*r - 7. Suppose 40*l + 2*l = -323 + 113. Determine q(l).
3
Let w(f) = -f - 3. Let p be 54/(-9) + -1*15/3. Suppose 0 = 4*y + 4*n + 60, 0*n - 10 = 2*y - 3*n. Let j = y - p. Calculate w(j).
-3
Let w(i) = -2*i**3 - 1366*i + 3*i**3 + i**2 + 1356*i - 2. Calculate w(-4).
-10
Let u(w) = -w**3 + 5*w**2 - 2*w - 6. Let c(b) = 2*b**3 - 120*b**2 + 128*b - 584. Let d be c(59). Determine u(d).
-54
Let h(b) be the second derivative of b**5/10 + 5*b**4/6 + 9*b**2/2 - 3972*b. Determine h(-5).
9
Let k(h) = -10*h**2 - 4*h. Let g(s) = 255*s**2 - 3*s - 2*s - 266*s**2. Let m(a) = -5*g(a) + 6*k(a). Suppose -t = 3*q - 18 + 22, 2*t - 3*q = 1. What is m(t)?
-6
Let o(f) = -f + 22244 + 4*f + 5*f - 22206. Calculate o(-6).
-10
Let q be 45/(-27) + -2*(-21)/9. Let a(i) = 63*i**3 - 18*i**3 + 13*i + 11 - 44*i**q + 0*i + 14*i**2. Calculate a(-13).
11
Suppose 2 = 3*m + 14, -1 = -5*g - m. Let n(u) = -2*u**3 - 2*u**2 + 5*u - 2. What is n(g)?
-1
Suppose -60*u + 419 = -181. Let m(p) = -17*p + 164. Calculate m(u).
-6
Suppose u = -2*i + 5*i + 2, 0 = 4*u - 2*i - 18. Let f = u + 42. Let j(o) = -26 + f - 18 - 4*o. Calculate j(2).
-5
Let z(b) = b**3 - 5*b. Let t(q) = 3*q**3 + q**2 + 175*q. Let a(d) = t(d) - 2*z(d). Let x(c) be the second derivative of a(c). Calculate x(-3).
-16
Let i(o) = -o**3 - 5*o**2 + 3*o + 5. Suppose 4*p = 1385 + 255. Let n = 405 - p. Calculate i(n).
-10
Let w(l) be the first derivative of -l**4/4 - 7*l**3/3 + l**2 - 7*l - 7. Let a(o) = 2*o**3 + 7*o**2 - 2*o + 7. Let i(b) = 2*a(b) + 3*w(b). Calculate i(5).
-47
Let p(g) = 2*g**2 - 407*g - 3394. Let l be p(-8). Let n(r) = r**3 + 12*r**2 + 9*r - 117. What is n(l)?
-7
Let m(c) = 4*